+ 3*j - 5. Determine o(5).
35
Let z(a) = -a**3 - 10*a**2 - 10*a - 5. Give z(-9).
4
Let a(s) = -2*s**3 - s**2 - 9*s - 18. Give a(-2).
12
Let x(v) = -3*v**3 - 5*v**2 - 6*v - 3. What is x(-2)?
13
Let w(k) = 2*k**2 - 8*k - 6. Give w(5).
4
Let v(t) = -16*t + 38. Calculate v(3).
-10
Let q(t) = t**3 + 23*t**2 + 42*t. What is q(-21)?
0
Let b(j) = j**2 - 19*j + 4. Calculate b(19).
4
Let q(s) = -s**2 - 15*s - 8. What is q(-12)?
28
Let b(a) = a**2 + 17*a + 26. Calculate b(-13).
-26
Let a(u) = -270*u + 1890. What is a(7)?
0
Let y(i) = -i**3 + 2*i**2 + 2*i + 21. Determine y(0).
21
Let h(a) = a**2 + 12*a + 33. What is h(-15)?
78
Let s(o) = -o + 20. Determine s(4).
16
Let d(l) = -l + 3. Give d(5).
-2
Let u(y) = -y**2 + 5*y - 4. Determine u(5).
-4
Let l(m) = -m - 15. Determine l(-16).
1
Let y(a) = 6*a - 69. Determine y(10).
-9
Let a(t) = 2*t**2 + 150*t - 3. Calculate a(-75).
-3
Let h(q) = q**2 + 11*q + 7. What is h(-10)?
-3
Let x(w) = -2*w**2 + 4*w + 5. Give x(4).
-11
Let v(o) = -4*o**2 + 3*o - 3. Determine v(-3).
-48
Let h(t) = -8*t**2 - 8*t - 3. What is h(-5)?
-163
Let y(t) = -t**2 - 25*t - 108. What is y(-19)?
6
Let q(n) = 2*n**2 + 3*n - 2. Calculate q(5).
63
Let h(o) = -o**3 + 13*o**2 - 13*o + 18. Give h(12).
6
Let q(z) = z**3 + 3*z**2 - z + 2. Give q(-3).
5
Let m(p) = 57*p - 26. Give m(2).
88
Let w(d) = d**3 + 7*d**2 - 2. Give w(-7).
-2
Let c(l) = -7*l + 2. Calculate c(4).
-26
Let v(c) = -c**3 - 7*c**2 + 19*c + 10. Determine v(-9).
1
Let o(k) = k**3 + 11*k**2 + 9*k - 9. What is o(-7)?
124
Let g(w) = 9*w**3 - 23*w**2 - 14*w + 2. Give g(3).
-4
Let v(y) = 19*y**2 + 5*y - 7. Determine v(1).
17
Let q(p) = -2*p - 37. Determine q(-15).
-7
Let n(j) = -j**3 - 6*j**2 + j + 6. Determine n(-7).
48
Let v(w) = -34*w + 21. Determine v(0).
21
Let c(x) = x**2 - 8*x - 6. Calculate c(7).
-13
Let w(n) = n**2 + 6*n - 10. Calculate w(-7).
-3
Let w(p) = -p**2 + 9*p - 8. Determine w(8).
0
Let r(y) = y**2 - y + 1. Determine r(2).
3
Let u(x) = 2*x**2 - 37. Give u(-4).
-5
Let u(j) = 6*j + 3. Determine u(-8).
-45
Let p(t) = -2*t**3 + 19*t**2 - 2*t - 78. Determine p(9).
-15
Let x(i) = -2*i**3 + 7*i**2 + 3*i + 13. Give x(4).
9
Let n(q) = q**2 - 13*q. What is n(9)?
-36
Let o(k) = -2*k**2 + 50*k - 44. Determine o(24).
4
Let u(n) = -2*n**2 - 6*n - 4. Determine u(-1).
0
Let l(i) = 4*i + 29. Calculate l(-9).
-7
Let r(p) = 3*p**2 - 15*p + 10. Determine r(6).
28
Let x(u) = -31*u**3 - 2*u**2 + 1. Determine x(1).
-32
Let o(g) = -2*g + 10. Determine o(8).
-6
Let c(q) = q**3 + 21*q**2 + 74*q + 6. Calculate c(-17).
-96
Let j(w) = w**2 + 5*w - 16. Determine j(-9).
20
Let p(i) = i**3 - 15*i**2 + 11*i + 4. Determine p(14).
-38
Let l(y) = 38*y + 9. What is l(0)?
9
Let o(d) = d**3 - 6*d**2 - 12*d + 1. Calculate o(8).
33
Let x(k) = k**3 - 3*k + 15. Give x(-5).
-95
Let x(a) = -a**3 + 10*a**2 - 23*a + 8. Give x(7).
-6
Let s(r) = r**3 + 12*r**2 - 9*r - 12. Calculate s(-13).
-64
Let b(c) = -c**3 + 10*c**2 + 11*c + 10. Give b(11).
10
Let w(n) = 2*n - 13. Calculate w(15).
17
Let r(q) = q**3 - 5*q**2 - 10*q - 22. Give r(7).
6
Let f(q) = -10*q - 46. Give f(-3).
-16
Let s(k) = -2*k + 7. What is s(3)?
1
Let z(x) = x**2 + 8*x - 52. Determine z(-12).
-4
Let d(n) = -50*n - 7. What is d(0)?
-7
Let i(t) = t**3 + 3*t**2 - 17*t + 2. Calculate i(-6).
-4
Let y(r) = r**3 + 12*r**2 - 12*r + 1. What is y(-13)?
-12
Let p(o) = -44*o**2 - o. Calculate p(-1).
-43
Let f(u) = 5*u + 14. Determine f(-12).
-46
Let m(t) = t**2 + 11*t - 4. Give m(-11).
-4
Let b(o) = 12*o - 250. Determine b(21).
2
Let t(c) = -2*c + 19. Give t(7).
5
Let j(g) = g**3 + 4*g + 6. Calculate j(0).
6
Let i(q) = -6*q**2 - 16*q + 1. What is i(-3)?
-5
Let p(v) = -v**3 - 10*v**2 - 3*v - 30. Calculate p(-10).
0
Let o(d) = -2*d**2 + 28*d - 6. Determine o(14).
-6
Let r(q) = -q - 8. Determine r(0).
-8
Let n(h) = h + 8. Calculate n(-6).
2
Let x(r) = -17*r - 38. What is x(-4)?
30
Let q(j) = 9*j - 7. Determine q(0).
-7
Let v(w) = 4*w - 7. What is v(6)?
17
Let l(v) = -2*v**2. Give l(5).
-50
Let b(g) = -70*g**3 - g**2 - g. What is b(-1)?
70
Let x(v) = -v**3 + 16*v**2 - 15*v + 22. Calculate x(15).
22
Let u(y) = y + 7. Determine u(4).
11
Let k(b) = 4*b**2 - 4*b + 9. Give k(5).
89
Let k(j) = 11*j**3 - j**2 - j + 1. Calculate k(1).
10
Let n(a) = a**3 - 14*a**2 + 13*a - 24. Determine n(13).
-24
Let g(h) = 2*h**2 - 13*h + 5. Determine g(10).
75
Let p(r) = r**2 - 2*r - 91. Determine p(0).
-91
Let m(p) = p**2 - 7*p + 11. Determine m(5).
1
Let s(w) = -w**3 + 6*w**2 - w + 14. What is s(6)?
8
Let t(l) = 3*l - 26. What is t(5)?
-11
Let a(h) = h**2 - 9*h + 12. Determine a(6).
-6
Let u(b) = 13*b + 7. What is u(1)?
20
Let q(j) = 30*j - 1. Determine q(-1).
-31
Let j(l) = 21*l + 858. Calculate j(-41).
-3
Let d(m) = -m**2 - 23*m - 142. Give d(-13).
-12
Let o(c) = -2*c**3 + 34*c**2 - 30*c - 31. What is o(16)?
1
Let r(c) = -2*c**2 + 12*c + 26. Give r(7).
12
Let t(a) = a**3 + 5*a**2 + 2*a + 12. Determine t(-5).
2
Let z(y) = 30*y + 23. Give z(-1).
-7
Let r(c) = 9*c - 6. Determine r(3).
21
Let f(k) = -36*k**3 + k**2 - k - 2. What is f(-1)?
36
Let a(j) = -j**2 - 7*j + 7. Calculate a(-7).
7
Let w(i) = 2*i**3 + 11*i**2 - 8*i - 8. What is w(-6)?
4
Let q(f) = 2*f**3 - 4*f**2 - 2*f - 2. Calculate q(4).
54
Let v(b) = 26*b - 51. Calculate v(2).
1
Let z(p) = -3*p + 6. Determine z(-7).
27
Let n(g) = 2*g**2 - 2*g - 3. Calculate n(5).
37
Let c(j) = j + 17. Give c(-10).
7
Let g(x) = -2*x**2 - 212*x - 627. Determine g(-3).
-9
Let n(f) = f**3 - 6*f**2 - 30*f + 19. Determine n(8).
-93
Let h(y) = y**2 + 5*y - 10. Determine h(-7).
4
Let m(q) = q**3 - 37*q**2 - 81*q + 115. What is m(39)?
-2
Let f(r) = -r**3 + 8*r**2 - 4*r + 15. Calculate f(6).
63
Let r(g) = 41*g + 186. Calculate r(-6).
-60
Let y(w) = 7*w + 21. Calculate y(5).
56
Let g(n) = -n**3 + 18*n**2 + 19*n - 2. Calculate g(19).
-2
Let t(a) = -2*a**2 + 13*a - 19. Give t(12).
-151
Let z(m) = -m**2 - 22*m - 29. Give z(-19).
28
Let z(s) = -s**3 - 3*s**2 - 5*s - 12. Calculate z(-3).
3
Let h(o) = -3*o - 48. What is h(-8)?
-24
Let o(l) = -l**2 + 11*l - 5. Calculate o(10).
5
Let n(y) = y**2 + 8*y + 4. Determine n(-7).
-3
Let q(n) = 7*n - 18. Calculate q(5).
17
Let p(x) = x**2 - 15*x - 4. Calculate p(14).
-18
Let d(z) = -z**3 + 8*z**2 + z + 13. Determine d(9).
-59
Let u(c) = 2*c + 26. Calculate u(-14).
-2
Let z(a) = -a**2 - 6*a - 6. Give z(-2).
2
Let u(p) = 13*p + 4. Calculate u(-1).
-9
Let c(s) = -s - 1. Calculate c(8).
-9
Let v(b) = b**2 + 5*b + 8. What is v(-6)?
14
Let l(p) = p**2 - 17*p + 54. Determine l(13).
2
Let c(n) = n**3 + 8*n**2 - 5*n + 8. Determine c(-9).
-28
Let b(f) = -2*f**2 - 16*f - 1. Give b(-8).
-1
Let h(v) = 7*v**3 + v**2 + 8*v + 8. What is h(-1)?
-6
Let g(f) = 22*f + 84. Calculate g(-3).
18
Let h(g) = -g**2 - 2*g + 3. What is h(2)?
-5
Let z(s) = -s**3 - 6*s**2 + 10*s + 7. Give z(-7).
-14
Let x(s) = -2*s**3 + 12*s**2 + 7*s - 34. What is x(6)?
8
Let m(r) = -r**2 + 13*r - 49. Give m(7).
-7
Let q(a) = -4*a + 2. Give q(-2).
10
Let t(y) = 161*y - 10. Determine t(1).
151
Let c(y) = 12*y - 117. Calculate c(10).
3
Let d(k) = k + 1. What is d(3)?
4
Let n(y) = 4*y**2 - y + 1. Give n(-2).
19
Let b(r) = -2*r**3 - 5*r**2 - 5*r - 4. Calculate b(-3).
20
Let d(q) = -q**3 - 8*q**2 + 22*q + 53. Calculate d(-10).
33
Let f(n) = -n**2 + 13*n - 20. Give f(11).
2
Let i(a) = 107*a**3 + 3*a**2 - 1. Calculate i(1).
109
Let l(p) = p**3 + 6*p**2 - 10*p - 22. Give l(-3).
35
Let z(g) = g**3 - 12*g**2 + 19*g + 8. Calculate z(10).
-2
Let s(m) = 4*m - 71. Determine s(17).
-3
Let o(g) = -2*g**2 + g - 2. What is o(-3)?
-23
Let c(y) = 3*y**3 - 20*y**2 - 7*y - 1. Calculate c(7).
-1
Let m(y) = y**3 - 12*y**2 - 2*y + 1. Determine m(12).
-23
Let c(o) = -131*o - 4. What is c(0)?
-4
Let w(u) = 17*u**3 - u**2 + u + 1. What is w(-1)?
-18
Let r(k) = -k**3 + 13*k**2 - 12*k - 17. Determine r(12).
-17
Let c(p) = p**2 + 24*p + 37. Calculate c(-23).
14
Let q(u) = -u**2 - 9*u + 10. Determine q(-10).
0
Let w(t) = 7*t - 7. Determine w(7).
42
Let k(i) = i**3 - 4*i**2 - 7*i - 2. What is k(6)?
28
Let i(h) = -h**3 + 9*h**2 - 11*h + 13. What is i(8)?
-11
Let t(r) = -r**3 + 17*r**2 + 5*r + 8. Give t(17).
93
Let c(z) = -z**2 - 3*z + 17. Give c(-8).
-23
Let u(h) = h**3 - 7*h**2 - 23*h + 36. Determine u(9).
-9
Let l(v) = 2*v**2 + 16*v + 38. Determine l(-11).
104
Let r(x) = x**3 + 4*x**2 + 2*x - 3. Give 